{"id":566,"date":"2015-04-29T20:37:48","date_gmt":"2015-04-29T17:37:48","guid":{"rendered":"http:\/\/renaissanceinstitute.eu\/v1\/?page_id=566"},"modified":"2022-03-06T18:16:46","modified_gmt":"2022-03-06T15:16:46","slug":"capacity-building","status":"publish","type":"page","link":"http:\/\/www.ronesans.org.tr\/v3\/en\/capacity-building\/","title":{"rendered":"For Institutions"},"content":{"rendered":"<table>\n<tbody>\n<tr>\n<td><a href=\"https:\/\/i0.wp.com\/www.ronesans.org.tr\/v3\/wp-content\/uploads\/2015\/04\/capacity-building.jpg\"><img loading=\"lazy\" class=\"aligncenter wp-image-619 size-full\" src=\"https:\/\/i0.wp.com\/www.ronesans.org.tr\/v3\/wp-content\/uploads\/2015\/04\/capacity-building.jpg?resize=600%2C598\" width=\"600\" height=\"598\" srcset=\"https:\/\/i0.wp.com\/www.ronesans.org.tr\/v3\/wp-content\/uploads\/2015\/04\/capacity-building.jpg?w=600 600w, https:\/\/i0.wp.com\/www.ronesans.org.tr\/v3\/wp-content\/uploads\/2015\/04\/capacity-building.jpg?resize=80%2C80 80w, https:\/\/i0.wp.com\/www.ronesans.org.tr\/v3\/wp-content\/uploads\/2015\/04\/capacity-building.jpg?resize=300%2C300 300w\" sizes=\"(max-width: 600px) 100vw, 600px\" data-recalc-dims=\"1\" \/><\/a><\/td>\n<td style=\"text-align: center;\">1-<strong> Capacity Building Activities such as:<\/strong><\/p>\n<p style=\"text-align: center;\">&#8211; Social Campaign Management, Fund Rising, Volunteer Management, Project Cycle Management, Human Resources Management, Social Media Management, Public Relations Management, Information- &nbsp; &nbsp;Communication Technologies Management.<\/p>\n<\/td>\n<\/tr>\n<\/tbody>\n<\/table>\n<table>\n<tbody>\n<tr>\n<td>\n<p style=\"text-align: center;\">2- <strong>Social&nbsp;Projects on:<br \/>\n<\/strong><\/p>\n<p style=\"text-align: center;\">Stereotypes, Culture, Sports, Art, Gender,&nbsp;Democracy &amp; Participation, Entrepreneurship &amp; Employability, Social Inclusion.<\/p>\n<\/td>\n<td style=\"text-align: center;\"><a href=\"https:\/\/i0.wp.com\/www.ronesans.org.tr\/v3\/wp-content\/uploads\/2015\/04\/social-project.jpg\"><img loading=\"lazy\" class=\"aligncenter wp-image-621 size-full\" src=\"https:\/\/i0.wp.com\/www.ronesans.org.tr\/v3\/wp-content\/uploads\/2015\/04\/social-project.jpg?resize=300%2C300\" width=\"300\" height=\"300\" srcset=\"https:\/\/i0.wp.com\/www.ronesans.org.tr\/v3\/wp-content\/uploads\/2015\/04\/social-project.jpg?w=300 300w, https:\/\/i0.wp.com\/www.ronesans.org.tr\/v3\/wp-content\/uploads\/2015\/04\/social-project.jpg?resize=80%2C80 80w\" sizes=\"(max-width: 300px) 100vw, 300px\" data-recalc-dims=\"1\" \/><\/a><\/td>\n<\/tr>\n<\/tbody>\n<\/table>\n<table style=\"height: 158px;\" width=\"825\">\n<tbody>\n<tr>\n<td><a href=\"https:\/\/i0.wp.com\/www.ronesans.org.tr\/v3\/wp-content\/uploads\/2015\/04\/partnership-building.jpg\"><img loading=\"lazy\" class=\"aligncenter wp-image-623 \" src=\"https:\/\/i0.wp.com\/www.ronesans.org.tr\/v3\/wp-content\/uploads\/2015\/04\/partnership-building.jpg?resize=266%2C271\" width=\"266\" height=\"271\" srcset=\"https:\/\/i0.wp.com\/www.ronesans.org.tr\/v3\/wp-content\/uploads\/2015\/04\/partnership-building.jpg?w=450 450w, https:\/\/i0.wp.com\/www.ronesans.org.tr\/v3\/wp-content\/uploads\/2015\/04\/partnership-building.jpg?resize=295%2C300 295w\" sizes=\"(max-width: 266px) 100vw, 266px\" data-recalc-dims=\"1\" \/><\/a><\/td>\n<td style=\"text-align: center;\">3- <strong>Partnership Building Activities<\/strong><\/p>\n<p>Thematic Networking Activities, Cross-Sectoral&nbsp;Alliances<\/td>\n<\/tr>\n<\/tbody>\n<\/table>\n<table style=\"height: 137px;\" width=\"824\">\n<tbody>\n<tr>\n<td>\n<p style=\"text-align: center;\">4- &nbsp;<strong>Social&nbsp;Researches<\/strong><\/p>\n<p style=\"text-align: center;\">Qualitative Researches,&nbsp;Quantitative Researches<\/p>\n<\/td>\n<td style=\"text-align: center;\"><strong><a href=\"https:\/\/i0.wp.com\/www.ronesans.org.tr\/v3\/wp-content\/uploads\/2017\/01\/survey.jpg\"><img loading=\"lazy\" class=\"aligncenter wp-image-1295 size-full\" src=\"https:\/\/i0.wp.com\/www.ronesans.org.tr\/v3\/wp-content\/uploads\/2017\/01\/survey.jpg?resize=302%2C167\" width=\"302\" height=\"167\" srcset=\"https:\/\/i0.wp.com\/www.ronesans.org.tr\/v3\/wp-content\/uploads\/2017\/01\/survey.jpg?w=302 302w, https:\/\/i0.wp.com\/www.ronesans.org.tr\/v3\/wp-content\/uploads\/2017\/01\/survey.jpg?resize=300%2C166 300w\" sizes=\"(max-width: 302px) 100vw, 302px\" data-recalc-dims=\"1\" \/><\/a><\/strong><\/td>\n<\/tr>\n<\/tbody>\n<\/table>\n<table style=\"height: 207px;\" width=\"823\">\n<tbody>\n<tr>\n<td><strong><a href=\"https:\/\/i0.wp.com\/www.ronesans.org.tr\/v3\/wp-content\/uploads\/2015\/04\/consul.jpg\"><img loading=\"lazy\" class=\"aligncenter wp-image-624 \" src=\"https:\/\/i0.wp.com\/www.ronesans.org.tr\/v3\/wp-content\/uploads\/2015\/04\/consul.jpg?resize=309%2C200\" width=\"309\" height=\"200\" srcset=\"https:\/\/i0.wp.com\/www.ronesans.org.tr\/v3\/wp-content\/uploads\/2015\/04\/consul.jpg?w=1224 1224w, https:\/\/i0.wp.com\/www.ronesans.org.tr\/v3\/wp-content\/uploads\/2015\/04\/consul.jpg?resize=300%2C194 300w, https:\/\/i0.wp.com\/www.ronesans.org.tr\/v3\/wp-content\/uploads\/2015\/04\/consul.jpg?resize=1030%2C666 1030w\" sizes=\"(max-width: 309px) 100vw, 309px\" data-recalc-dims=\"1\" \/><\/a><\/strong><\/td>\n<td style=\"text-align: center;\">5-&nbsp;<strong>Consultancy<\/strong><\/td>\n<\/tr>\n<\/tbody>\n<\/table>\n","protected":false},"excerpt":{"rendered":"<p>1- Capacity Building Activities such as: &#8211; Social Campaign Management, Fund Rising, Volunteer Management, Project Cycle Management, Human Resources Management, Social Media Management, Public Relations Management, Information- &nbsp; &nbsp;Communication Technologies Management. 2- Social&nbsp;Projects on: Stereotypes, [&hellip;]<\/p>\n","protected":false},"author":1,"featured_media":0,"parent":0,"menu_order":0,"comment_status":"open","ping_status":"open","template":"","meta":{"spay_email":""},"jetpack_sharing_enabled":true,"jetpack-related-posts":[{"id":134,"url":"http:\/\/www.ronesans.org.tr\/v3\/en\/servicesproducts\/","url_meta":{"origin":566,"position":0},"title":"Services\/Products","date":"7 July 2014","format":false,"excerpt":"A. Trainings Project Cycle Management, Entrepreneurship&Employment, Gender, Democracy & Participation, Social Inclusion, Human Rights, Volunteer Management, Fund Rising. B. Social\u00a0Projects Stereotypes, Culture, Sports, Art, Gender, Democracy & Participation, Entrepreneurship & Employability, Social Inclusion. C. Seminars D. Partnership Building Activities E. Internships F. European Voluntary Service G. Researches H. Consultancy","rel":"","context":"Similar post","img":{"alt_text":"","src":"","width":0,"height":0},"classes":[]},{"id":353,"url":"http:\/\/www.ronesans.org.tr\/v3\/en\/volunteering\/","url_meta":{"origin":566,"position":1},"title":"Volunteering","date":"13 December 2014","format":false,"excerpt":"\u00a0 Renaissance Institute offers volunteering chances to both professionals and young people by involving them into activities. \u00a0 For young people,\u00a0 the Institute offers youth exchanges, youth initiatives, european voluntary services and also participation chance to local\/regional activities.\u00a0 These young people are expected to be at the age of 18\u2026","rel":"","context":"Similar post","img":{"alt_text":"","src":"https:\/\/i0.wp.com\/www.ronesans.org.tr\/v3\/wp-content\/uploads\/2014\/12\/volunteering-e1321813484543.jpg?fit=730%2C365&resize=350%2C200","width":350,"height":200},"classes":[]},{"id":564,"url":"http:\/\/www.ronesans.org.tr\/v3\/en\/training-courses\/","url_meta":{"origin":566,"position":2},"title":"For Individuals","date":"29 April 2015","format":false,"excerpt":"1- Trainings Courses \u00a0 Project Cycle Management, Entrepreneurship, Gender, Democracy, Social Inclusion, Active Citizenship, Human Rights, Unemployment, Participation 2-Seminars for experts to share and develop knowledge about NGOs, social work & youth work 3-\u00a0 Internships \u00a0 for young people interested in our field of areas","rel":"","context":"Similar post","img":{"alt_text":"","src":"https:\/\/i0.wp.com\/www.ronesans.org.tr\/v3\/wp-content\/uploads\/2015\/04\/sem.jpg?resize=350%2C200","width":350,"height":200},"classes":[]},{"id":2,"url":"http:\/\/www.ronesans.org.tr\/v3\/en\/about-us\/","url_meta":{"origin":566,"position":3},"title":"Our Mission &#038; Vision","date":"4 March 2014","format":false,"excerpt":"Renaissance Institute is a Non-Governmental Organization which consists of individuals seeking to provide social added value for the sake of sustainable development through educational and innovative projects. Our members believe in the importance of social enterprises and voluntary organizations in terms of delivering good public services as they can be\u2026","rel":"","context":"With 1 comment","img":{"alt_text":"","src":"","width":0,"height":0},"classes":[]},{"id":22,"url":"http:\/\/www.ronesans.org.tr\/v3\/en\/contact\/","url_meta":{"origin":566,"position":4},"title":"Contact","date":"5 March 2014","format":false,"excerpt":"Renaissance Institute Registration Name: R\u00f6nesans Enstit\u00fcs\u00fc Derne\u011fi (Turkish) & Association of Renaissance Institute (English) National Registration Code: 06-111-020 Head Office Address: Fatih Mahallesi Vak\u0131f Caddesi Pilot Bnb. M. Oguz Sever Sokak No:1 Kahramankazan - ANKARA - T\u00dcRK\u0130YE 06980 E-mail: info@ronesans.org.tr Social Media: https:\/\/www.linkedin.com\/company\/5895503 https:\/\/www.instagram.com\/renaissance_tr https:\/\/www.facebook.com\/renaissancetr https:\/\/twitter.com\/renaissance_tr","rel":"","context":"Similar post","img":{"alt_text":"","src":"https:\/\/i0.wp.com\/www.ronesans.org.tr\/v3\/wp-content\/uploads\/2014\/03\/contact-us.jpg?fit=770%2C373&resize=350%2C200","width":350,"height":200},"classes":[]},{"id":572,"url":"http:\/\/www.ronesans.org.tr\/v3\/en\/other-servicesproducts\/","url_meta":{"origin":566,"position":5},"title":"Youth Services\/Products","date":"29 April 2015","format":false,"excerpt":"European Voluntary Service Youth Exchanges Youth Initiatives European Training Courses & Seminars Development Projects Democracy Projects Researches & Publications","rel":"","context":"Similar post","img":{"alt_text":"","src":"","width":0,"height":0},"classes":[]}],"_links":{"self":[{"href":"http:\/\/www.ronesans.org.tr\/v3\/wp-json\/wp\/v2\/pages\/566"}],"collection":[{"href":"http:\/\/www.ronesans.org.tr\/v3\/wp-json\/wp\/v2\/pages"}],"about":[{"href":"http:\/\/www.ronesans.org.tr\/v3\/wp-json\/wp\/v2\/types\/page"}],"author":[{"embeddable":true,"href":"http:\/\/www.ronesans.org.tr\/v3\/wp-json\/wp\/v2\/users\/1"}],"replies":[{"embeddable":true,"href":"http:\/\/www.ronesans.org.tr\/v3\/wp-json\/wp\/v2\/comments?post=566"}],"version-history":[{"count":15,"href":"http:\/\/www.ronesans.org.tr\/v3\/wp-json\/wp\/v2\/pages\/566\/revisions"}],"predecessor-version":[{"id":1913,"href":"http:\/\/www.ronesans.org.tr\/v3\/wp-json\/wp\/v2\/pages\/566\/revisions\/1913"}],"wp:attachment":[{"href":"http:\/\/www.ronesans.org.tr\/v3\/wp-json\/wp\/v2\/media?parent=566"}],"curies":[{"name":"wp","href":"https:\/\/api.w.org\/{rel}","templated":true}]}}