{"id":690,"date":"2015-05-18T19:10:41","date_gmt":"2015-05-18T16:10:41","guid":{"rendered":"http:\/\/renaissanceinstitute.eu\/v1\/?page_id=690"},"modified":"2022-03-06T18:19:24","modified_gmt":"2022-03-06T15:19:24","slug":"references","status":"publish","type":"page","link":"http:\/\/www.ronesans.org.tr\/v3\/en\/references\/","title":{"rendered":"References"},"content":{"rendered":"<p>List of Institutions benefiting from Renaissance Institutte&#8217;s services\/products<\/p>\n<table>\n<tbody>\n<tr>\n<td style=\"text-align: center;\"><img loading=\"lazy\" class=\"  wp-image-658 aligncenter\" src=\"https:\/\/i0.wp.com\/renaissanceinstitute.eu\/v1\/wp-content\/uploads\/2015\/05\/au-300x288.jpg?resize=142%2C137\" alt=\"au\" width=\"142\" height=\"137\" srcset=\"https:\/\/i0.wp.com\/www.ronesans.org.tr\/v3\/wp-content\/uploads\/2015\/05\/au.jpg?resize=300%2C288 300w, https:\/\/i0.wp.com\/www.ronesans.org.tr\/v3\/wp-content\/uploads\/2015\/05\/au.jpg?resize=1030%2C987 1030w, https:\/\/i0.wp.com\/www.ronesans.org.tr\/v3\/wp-content\/uploads\/2015\/05\/au.jpg?w=1200 1200w\" sizes=\"(max-width: 142px) 100vw, 142px\" data-recalc-dims=\"1\" \/>Ankara University<\/td>\n<td style=\"text-align: center;\"><a href=\"https:\/\/i0.wp.com\/renaissanceinstitute.eu\/v1\/wp-content\/uploads\/2015\/05\/h\u00fc.png\"><img loading=\"lazy\" class=\"  wp-image-660 aligncenter\" src=\"https:\/\/i0.wp.com\/renaissanceinstitute.eu\/v1\/wp-content\/uploads\/2015\/05\/h\u00fc-204x300.png?resize=88%2C129\" alt=\"h\u00fc\" width=\"88\" height=\"129\" srcset=\"https:\/\/i0.wp.com\/www.ronesans.org.tr\/v3\/wp-content\/uploads\/2015\/05\/h\u00fc.png?resize=204%2C300 204w, https:\/\/i0.wp.com\/www.ronesans.org.tr\/v3\/wp-content\/uploads\/2015\/05\/h\u00fc.png?resize=700%2C1030 700w, https:\/\/i0.wp.com\/www.ronesans.org.tr\/v3\/wp-content\/uploads\/2015\/05\/h\u00fc.png?w=900 900w\" sizes=\"(max-width: 88px) 100vw, 88px\" data-recalc-dims=\"1\" \/><\/a>Hacettepe University<\/td>\n<\/tr>\n<tr>\n<td style=\"text-align: center;\"><a href=\"https:\/\/i0.wp.com\/renaissanceinstitute.eu\/v1\/wp-content\/uploads\/2015\/05\/erzincan\u00fcni.jpg\"><img loading=\"lazy\" class=\"  wp-image-661 aligncenter\" src=\"https:\/\/i0.wp.com\/renaissanceinstitute.eu\/v1\/wp-content\/uploads\/2015\/05\/erzincan\u00fcni-258x300.jpg?resize=105%2C122\" alt=\"erzincan\u00fcni\" width=\"105\" height=\"122\" srcset=\"https:\/\/i0.wp.com\/www.ronesans.org.tr\/v3\/wp-content\/uploads\/2015\/05\/erzincan\u00fcni.jpg?resize=258%2C300 258w, https:\/\/i0.wp.com\/www.ronesans.org.tr\/v3\/wp-content\/uploads\/2015\/05\/erzincan\u00fcni.jpg?resize=885%2C1030 885w, https:\/\/i0.wp.com\/www.ronesans.org.tr\/v3\/wp-content\/uploads\/2015\/05\/erzincan\u00fcni.jpg?w=1440 1440w, https:\/\/i0.wp.com\/www.ronesans.org.tr\/v3\/wp-content\/uploads\/2015\/05\/erzincan\u00fcni.jpg?w=2160 2160w\" sizes=\"(max-width: 105px) 100vw, 105px\" data-recalc-dims=\"1\" \/><\/a>Erzincan University<\/td>\n<td style=\"text-align: center;\"><a href=\"https:\/\/i0.wp.com\/renaissanceinstitute.eu\/v1\/wp-content\/uploads\/2015\/05\/siirt-\u00fcni.jpg\"><img loading=\"lazy\" class=\"  wp-image-665 aligncenter\" src=\"https:\/\/i0.wp.com\/renaissanceinstitute.eu\/v1\/wp-content\/uploads\/2015\/05\/siirt-\u00fcni-300x180.jpg?resize=133%2C80\" alt=\"siirt \u00fcni\" width=\"133\" height=\"80\" srcset=\"https:\/\/i0.wp.com\/www.ronesans.org.tr\/v3\/wp-content\/uploads\/2015\/05\/siirt-\u00fcni.jpg?resize=300%2C180 300w, https:\/\/i0.wp.com\/www.ronesans.org.tr\/v3\/wp-content\/uploads\/2015\/05\/siirt-\u00fcni.jpg?w=500 500w\" sizes=\"(max-width: 133px) 100vw, 133px\" data-recalc-dims=\"1\" \/><\/a>Siirt University<\/td>\n<\/tr>\n<tr>\n<td style=\"text-align: center;\"><a href=\"https:\/\/i0.wp.com\/renaissanceinstitute.eu\/v1\/wp-content\/uploads\/2015\/05\/siirtvali.jpg\"><img loading=\"lazy\" class=\" wp-image-668  aligncenter\" src=\"https:\/\/i0.wp.com\/renaissanceinstitute.eu\/v1\/wp-content\/uploads\/2015\/05\/siirtvali-300x300.jpg?resize=143%2C143\" alt=\"S \u0130 \u0130 R T V A L \u0130 L \u0130 \u011e\u0130   1\" width=\"143\" height=\"143\" srcset=\"https:\/\/i0.wp.com\/www.ronesans.org.tr\/v3\/wp-content\/uploads\/2015\/05\/siirtvali.jpg?resize=300%2C300 300w, https:\/\/i0.wp.com\/www.ronesans.org.tr\/v3\/wp-content\/uploads\/2015\/05\/siirtvali.jpg?resize=80%2C80 80w, https:\/\/i0.wp.com\/www.ronesans.org.tr\/v3\/wp-content\/uploads\/2015\/05\/siirtvali.jpg?w=400 400w\" sizes=\"(max-width: 143px) 100vw, 143px\" data-recalc-dims=\"1\" \/><\/a>Siirt Governership<\/td>\n<td style=\"text-align: center;\"><a href=\"https:\/\/i0.wp.com\/renaissanceinstitute.eu\/v1\/wp-content\/uploads\/2015\/05\/sporgenelm\u00fcd.jpg\"><img loading=\"lazy\" class=\"alignnone  wp-image-666\" src=\"https:\/\/i0.wp.com\/renaissanceinstitute.eu\/v1\/wp-content\/uploads\/2015\/05\/sporgenelm\u00fcd-300x225.jpg?resize=218%2C163\" alt=\"sporgenelm\u00fcd\" width=\"218\" height=\"163\" srcset=\"https:\/\/i0.wp.com\/www.ronesans.org.tr\/v3\/wp-content\/uploads\/2015\/05\/sporgenelm\u00fcd.jpg?resize=300%2C225 300w, https:\/\/i0.wp.com\/www.ronesans.org.tr\/v3\/wp-content\/uploads\/2015\/05\/sporgenelm\u00fcd.jpg?w=773 773w\" sizes=\"(max-width: 218px) 100vw, 218px\" data-recalc-dims=\"1\" \/><\/a><\/p>\n<p>General Directorate of Sports<\/td>\n<\/tr>\n<tr>\n<td style=\"text-align: center;\"><a href=\"https:\/\/i0.wp.com\/renaissanceinstitute.eu\/v1\/wp-content\/uploads\/2015\/05\/oryantiring.jpg\"><img loading=\"lazy\" class=\"alignnone  wp-image-663\" src=\"https:\/\/i0.wp.com\/renaissanceinstitute.eu\/v1\/wp-content\/uploads\/2015\/05\/oryantiring-300x300.jpg?resize=114%2C114\" alt=\"oryantiring\" width=\"114\" height=\"114\" srcset=\"https:\/\/i0.wp.com\/www.ronesans.org.tr\/v3\/wp-content\/uploads\/2015\/05\/oryantiring.jpg?resize=300%2C300 300w, https:\/\/i0.wp.com\/www.ronesans.org.tr\/v3\/wp-content\/uploads\/2015\/05\/oryantiring.jpg?resize=80%2C80 80w, https:\/\/i0.wp.com\/www.ronesans.org.tr\/v3\/wp-content\/uploads\/2015\/05\/oryantiring.jpg?resize=1030%2C1030 1030w, https:\/\/i0.wp.com\/www.ronesans.org.tr\/v3\/wp-content\/uploads\/2015\/05\/oryantiring.jpg?w=1440 1440w, https:\/\/i0.wp.com\/www.ronesans.org.tr\/v3\/wp-content\/uploads\/2015\/05\/oryantiring.jpg?w=2160 2160w\" sizes=\"(max-width: 114px) 100vw, 114px\" data-recalc-dims=\"1\" \/><\/a><\/p>\n<p>Federation of Orienteering<\/td>\n<td style=\"text-align: center;\"><a href=\"https:\/\/i0.wp.com\/renaissanceinstitute.eu\/v1\/wp-content\/uploads\/2015\/05\/t\u00fckk\u0131z\u0131lay\u0131.jpg\"><img loading=\"lazy\" class=\"alignnone  wp-image-667\" src=\"https:\/\/i0.wp.com\/renaissanceinstitute.eu\/v1\/wp-content\/uploads\/2015\/05\/t\u00fckk\u0131z\u0131lay\u0131-300x200.jpg?resize=200%2C133\" alt=\"t\u00fckk\u0131z\u0131lay\u0131\" width=\"200\" height=\"133\" srcset=\"https:\/\/i0.wp.com\/www.ronesans.org.tr\/v3\/wp-content\/uploads\/2015\/05\/t\u00fckk\u0131z\u0131lay\u0131.jpg?resize=300%2C200 300w, https:\/\/i0.wp.com\/www.ronesans.org.tr\/v3\/wp-content\/uploads\/2015\/05\/t\u00fckk\u0131z\u0131lay\u0131.jpg?w=600 600w\" sizes=\"(max-width: 200px) 100vw, 200px\" data-recalc-dims=\"1\" \/><\/a><\/p>\n<p>Turkish Red Crescent Association<\/td>\n<\/tr>\n<tr>\n<td style=\"text-align: center;\"><a href=\"https:\/\/i0.wp.com\/renaissanceinstitute.eu\/v1\/wp-content\/uploads\/2015\/05\/ecyon.png\"><img loading=\"lazy\" class=\"  wp-image-659 aligncenter\" src=\"https:\/\/i0.wp.com\/renaissanceinstitute.eu\/v1\/wp-content\/uploads\/2015\/05\/ecyon-300x300.png?resize=171%2C171\" alt=\"ecyon\" width=\"171\" height=\"171\" srcset=\"https:\/\/i0.wp.com\/www.ronesans.org.tr\/v3\/wp-content\/uploads\/2015\/05\/ecyon.png?resize=300%2C300 300w, https:\/\/i0.wp.com\/www.ronesans.org.tr\/v3\/wp-content\/uploads\/2015\/05\/ecyon.png?resize=80%2C80 80w, https:\/\/i0.wp.com\/www.ronesans.org.tr\/v3\/wp-content\/uploads\/2015\/05\/ecyon.png?w=900 900w\" sizes=\"(max-width: 171px) 100vw, 171px\" data-recalc-dims=\"1\" \/><\/a>European Cooperative Youth Cooperative<\/p>\n<p>Network<\/td>\n<td style=\"text-align: center;\"><a href=\"https:\/\/i0.wp.com\/renaissanceinstitute.eu\/v1\/wp-content\/uploads\/2015\/05\/SER\u00c7EV.png\"><img loading=\"lazy\" class=\"alignnone size-full wp-image-664\" src=\"https:\/\/i0.wp.com\/renaissanceinstitute.eu\/v1\/wp-content\/uploads\/2015\/05\/SER\u00c7EV.png?resize=220%2C125\" alt=\"SER\u00c7EV\" width=\"220\" height=\"125\" data-recalc-dims=\"1\" \/><\/a><\/p>\n<p>Association of Children with Celebral Palsy<\/td>\n<\/tr>\n<tr>\n<td style=\"text-align: center;\"><a href=\"https:\/\/i0.wp.com\/renaissanceinstitute.eu\/v1\/wp-content\/uploads\/2015\/05\/kadak.jpg\"><img loading=\"lazy\" class=\" size-full wp-image-662 aligncenter\" src=\"https:\/\/i0.wp.com\/renaissanceinstitute.eu\/v1\/wp-content\/uploads\/2015\/05\/kadak.jpg?resize=154%2C154\" alt=\"kadak\" width=\"154\" height=\"154\" srcset=\"https:\/\/i0.wp.com\/www.ronesans.org.tr\/v3\/wp-content\/uploads\/2015\/05\/kadak.jpg?w=154 154w, https:\/\/i0.wp.com\/www.ronesans.org.tr\/v3\/wp-content\/uploads\/2015\/05\/kadak.jpg?resize=80%2C80 80w\" sizes=\"(max-width: 154px) 100vw, 154px\" data-recalc-dims=\"1\" \/><\/a>Kahramanmaras Mountaineering,Search&amp;Rescue,Outdoor Sports Association<\/td>\n<td><\/td>\n<\/tr>\n<\/tbody>\n<\/table>\n","protected":false},"excerpt":{"rendered":"<p>List of Institutions benefiting from Renaissance Institutte&#8217;s services\/products Ankara University Hacettepe University Erzincan University Siirt University Siirt Governership General Directorate of Sports Federation of Orienteering Turkish Red Crescent Association European Cooperative Youth Cooperative Network Association [&hellip;]<\/p>\n","protected":false},"author":1,"featured_media":0,"parent":0,"menu_order":0,"comment_status":"open","ping_status":"closed","template":"","meta":{"spay_email":""},"jetpack_sharing_enabled":true,"jetpack-related-posts":[{"id":2,"url":"http:\/\/www.ronesans.org.tr\/v3\/en\/about-us\/","url_meta":{"origin":690,"position":0},"title":"Our Mission &#038; Vision","date":"4 March 2014","format":false,"excerpt":"Renaissance Institute is a Non-Governmental Organization which consists of individuals seeking to provide social added value for the sake of sustainable development through educational and innovative projects. Our members believe in the importance of social enterprises and voluntary organizations in terms of delivering good public services as they can be\u2026","rel":"","context":"With 1 comment","img":{"alt_text":"","src":"","width":0,"height":0},"classes":[]},{"id":22,"url":"http:\/\/www.ronesans.org.tr\/v3\/en\/contact\/","url_meta":{"origin":690,"position":1},"title":"Contact","date":"5 March 2014","format":false,"excerpt":"Renaissance Institute Registration Name: R\u00f6nesans Enstit\u00fcs\u00fc Derne\u011fi (Turkish) & Association of Renaissance Institute (English) National Registration Code: 06-111-020 Head Office Address: Fatih Mahallesi Vak\u0131f Caddesi Pilot Bnb. M. Oguz Sever Sokak No:1 Kahramankazan - ANKARA - T\u00dcRK\u0130YE 06980 E-mail: info@ronesans.org.tr Social Media: https:\/\/www.linkedin.com\/company\/5895503 https:\/\/www.instagram.com\/renaissance_tr https:\/\/www.facebook.com\/renaissancetr https:\/\/twitter.com\/renaissance_tr","rel":"","context":"Similar post","img":{"alt_text":"","src":"https:\/\/i0.wp.com\/www.ronesans.org.tr\/v3\/wp-content\/uploads\/2014\/03\/contact-us.jpg?fit=770%2C373&resize=350%2C200","width":350,"height":200},"classes":[]},{"id":353,"url":"http:\/\/www.ronesans.org.tr\/v3\/en\/volunteering\/","url_meta":{"origin":690,"position":2},"title":"Volunteering","date":"13 December 2014","format":false,"excerpt":"\u00a0 Renaissance Institute offers volunteering chances to both professionals and young people by involving them into activities. \u00a0 For young people,\u00a0 the Institute offers youth exchanges, youth initiatives, european voluntary services and also participation chance to local\/regional activities.\u00a0 These young people are expected to be at the age of 18\u2026","rel":"","context":"Similar post","img":{"alt_text":"","src":"https:\/\/i0.wp.com\/www.ronesans.org.tr\/v3\/wp-content\/uploads\/2014\/12\/volunteering-e1321813484543.jpg?fit=730%2C365&resize=350%2C200","width":350,"height":200},"classes":[]},{"id":715,"url":"http:\/\/www.ronesans.org.tr\/v3\/en\/team\/","url_meta":{"origin":690,"position":3},"title":"The Team","date":"5 June 2015","format":false,"excerpt":"","rel":"","context":"Similar post","img":{"alt_text":"","src":"","width":0,"height":0},"classes":[]},{"id":1299,"url":"http:\/\/www.ronesans.org.tr\/v3\/en\/youth-organisations-forum\/","url_meta":{"origin":690,"position":4},"title":"Youth Organisations&#8217; Forum","date":"8 January 2017","format":false,"excerpt":"Assoc. of Renaissance Institute is one of 28 founding members of Youth Organisations' Forum in Turkey which is acting as National Youth Council since 28 Jan 2014. Since December 2016, Association of Renaissance Institute became the board member of Youth Organisations' Forum for two years period. First introduced in 2003\u2026","rel":"","context":"Similar post","img":{"alt_text":"","src":"https:\/\/i0.wp.com\/www.ronesans.org.tr\/v3\/wp-content\/uploads\/2017\/01\/logo_gofor.png?fit=400%2C400&resize=350%2C200","width":350,"height":200},"classes":[]},{"id":5,"url":"http:\/\/www.ronesans.org.tr\/v3\/en\/membership\/","url_meta":{"origin":690,"position":5},"title":"Membership","date":"5 March 2014","format":false,"excerpt":"In order to apply for membership you have to fill & sign membership application form. Send it to address of the Renaissance Institute. Membership Application Form","rel":"","context":"Similar post","img":{"alt_text":"","src":"","width":0,"height":0},"classes":[]}],"_links":{"self":[{"href":"http:\/\/www.ronesans.org.tr\/v3\/wp-json\/wp\/v2\/pages\/690"}],"collection":[{"href":"http:\/\/www.ronesans.org.tr\/v3\/wp-json\/wp\/v2\/pages"}],"about":[{"href":"http:\/\/www.ronesans.org.tr\/v3\/wp-json\/wp\/v2\/types\/page"}],"author":[{"embeddable":true,"href":"http:\/\/www.ronesans.org.tr\/v3\/wp-json\/wp\/v2\/users\/1"}],"replies":[{"embeddable":true,"href":"http:\/\/www.ronesans.org.tr\/v3\/wp-json\/wp\/v2\/comments?post=690"}],"version-history":[{"count":8,"href":"http:\/\/www.ronesans.org.tr\/v3\/wp-json\/wp\/v2\/pages\/690\/revisions"}],"predecessor-version":[{"id":1965,"href":"http:\/\/www.ronesans.org.tr\/v3\/wp-json\/wp\/v2\/pages\/690\/revisions\/1965"}],"wp:attachment":[{"href":"http:\/\/www.ronesans.org.tr\/v3\/wp-json\/wp\/v2\/media?parent=690"}],"curies":[{"name":"wp","href":"https:\/\/api.w.org\/{rel}","templated":true}]}}